{"id":181,"date":"2011-08-04T01:22:59","date_gmt":"2011-08-03T23:22:59","guid":{"rendered":"http:\/\/www.ispas-ev.de\/?page_id=181"},"modified":"2018-04-16T22:52:02","modified_gmt":"2018-04-16T20:52:02","slug":"sondiro","status":"publish","type":"page","link":"https:\/\/test.ispas-ev.de\/?page_id=181","title":{"rendered":"Sondrio"},"content":{"rendered":"<p><span style=\"font-size: small;\">Partnerstadt seit 1969<\/span><\/p>\n<p><span style=\"font-size: small;\"><a href=\"https:\/\/www.ispas-ev.de\/wp-content\/uploads\/2011\/08\/Sondrio-Wappen-184x150.png\"><img decoding=\"async\" loading=\"lazy\" class=\"alignright size-full wp-image-1152\" title=\"Stadtwappen Sondrios\" src=\"https:\/\/www.ispas-ev.de\/wp-content\/uploads\/2011\/08\/Sondrio-Wappen-184x150.png\" alt=\"\" width=\"184\" height=\"150\"><\/a><\/span><\/p>\n<p><span style=\"font-family: Arial; font-size: small;\">Die St\u00e4dtepartnerschaft zwischen Sindelfingen und <a href=\"https:\/\/www.comune.sondrio.it\">Sondrio<\/a> entsprang 1962 einer Anregung von Don Alfredo Prioni, Missionar in Sindelfingen f\u00fcr die Betreuung italienischer Emigranten. Er initiierte eine Begegnung zwischen dem damaligen Sindelfinger Oberb\u00fcrgermeister Arthur Gruber und Arturo Schena, dem B\u00fcrgermeister von Sondrio. Einige Jahre sp\u00e4ter entstand daraus mit der Unterzeichnung des Freundschaftsvertrages die Partnerschaft beider St\u00e4dte. Es ist eine lebendige Beziehung, nicht nur auf offizieller kommunaler Ebene. Zahlreiche Institutionen und Vereine aller Art pflegen Kontakte untereinander. Seit \u00fcber 20 Jahren besteht ein ununterbrochener Sch\u00fcleraustausch.<\/span><\/p>\n<p><span style=\"font-size: small;\"><span style=\"font-family: Arial;\"><img decoding=\"async\" loading=\"lazy\" class=\"ngg-singlepic ngg-none alignleft\" src=\"https:\/\/www.ispas-ev.de\/wp-content\/gallery\/sondrio-2010_1\/img_1087.jpg\" alt=\"2sondrio2010-6\" width=\"230\" height=\"173\"><\/span><span style=\"font-family: Arial;\">Sondrio liegt in der Mitte des Ve<\/span><span style=\"font-family: Arial;\">ltlin im Nordosten der Region Lombardei. Mit seinen eingemeindeten Orten z\u00e4hlt die Stadt ca. 22 000 Einwohner. Vermutlich ist der Ort langobardischen Ursprungs. \u201eSundrium\u201c bedeutete Nutzboden, der Bauern und Knechten zum Lehen gegeben wurde. Nach einer wechselvollen Geschichte unter Stadtherren, den Capitanei, deren Schl\u00f6sser heute noch oberhalb der Stadt zu sehen sind, zwischen der Zugeh\u00f6rigkeit zum Herzogtum Mailand, zu Graub\u00fcnden, zum napoleonischen Machtbereich, zum \u00f6st<\/span><span style=\"font-family: Arial;\">erreichischen Lombardo-Veneto und zum K\u00f6nigreich Sardinien wird es im 19. Jahrhundert Teil Italiens und Verwaltungszentrum.<\/span><\/span><\/p>\n<p><span style=\"font-size: small;\"><span style=\"font-family: Arial;\"><img decoding=\"async\" loading=\"lazy\" class=\"alignright\" src=\"https:\/\/www.ispas-ev.de\/wp-content\/gallery\/sodrio-2010-a-werner\/a-werner-sondrio2010-19.jpg\" alt=\"1sondrio2010-19\" width=\"233\" height=\"176\"><\/span><span style=\"font-family: Arial;\">Die Kernstadt liegt im Tal der Adda, der Mallero aus dem<\/span><span style=\"font-family: Arial;\"> Valmalenco durchflie\u00dft die Stadt und wird mit seinen Zufl\u00fcssen oft rei\u00dfend und <\/span><span style=\"font-family: Arial;\">unberechenbar f\u00fcr die Einwohner. Obstplantagen pr\u00e4gen das Bild des Tales, Weinbergterrassen ziehen sich die H\u00e4nge um die Stadt hoch, alles \u00fcberkr\u00f6nt von den Gipfeln der orobische<\/span><span style=\"font-family: Arial;\">n und r\u00e4tischen Alpen. <\/span><span style=\"font-family: Arial;\">Die Landschaft l\u00e4dt zu reizvollen Touren ein, sei es in der n\u00e4heren Umgebung, sei es im Gebirge.<\/span><span style=\"font-family: Arial;\"> Der Stilfser Nationalpark ist leicht erreichbar. <\/span><\/span><\/p>\n<p><span style=\"font-size: small;\"><span style=\"font-family: Arial;\"><img decoding=\"async\" loading=\"lazy\" class=\"ngg-singlepic ngg-none alignleft\" src=\"https:\/\/www.ispas-ev.de\/wp-content\/gallery\/sondrio-2010_1\/img_1081_0.jpg\" alt=\"2sondrio2010-5\" width=\"230\" height=\"172\"><\/span><span style=\"font-family: Arial;\">Wintersportfreunden sind sicher Livigno und Bormio bekannt. Vor einigen Jahren wurde Sondrio zur Stadt mit der h\u00f6chsten Lebensqualit\u00e4t ernannt. 2007 bekam es den Titel \u201eAlpenstadt des Jahres\u201c in Anerkennung der Verd<\/span><span style=\"font-family: Arial;\">ienste zum Schutz der Alpen. In diesem Zusammenhang muss auch das internationale Filmfestival erw\u00e4hnt werden, das j\u00e4hrlich im Oktober stattfindet. Internationale Dokumentarfilmer pr\u00e4sentieren hier ihre neuesten Naturfilme.<\/span><span style=\"font-family: Arial;\"> Die Metropole Mailand und der Comer See liegen in der N\u00e4he, auch die Schweiz ist schnell und leicht erreichbar. <\/span><\/span><\/p>\n<p lang=\"it-IT\"><span style=\"font-size: small;\"><em><span style=\"font-family: Arial;\">Walter Leimenstoll<br \/>\n<em>Italia Graziano Frazzetta<\/em><\/span><\/em><\/span><\/p>\n","protected":false},"excerpt":{"rendered":"<p>Partnerstadt seit 1969 Die St\u00e4dtepartnerschaft zwischen Sindelfingen und Sondrio entsprang 1962 einer Anregung von Don Alfredo Prioni, Missionar in Sindelfingen f\u00fcr die Betreuung italienischer Emigranten. Er initiierte eine Begegnung zwischen [&hellip;]<\/p>\n","protected":false},"author":2,"featured_media":0,"parent":142,"menu_order":60,"comment_status":"closed","ping_status":"closed","template":"","meta":{"ngg_post_thumbnail":0},"_links":{"self":[{"href":"https:\/\/test.ispas-ev.de\/index.php?rest_route=\/wp\/v2\/pages\/181"}],"collection":[{"href":"https:\/\/test.ispas-ev.de\/index.php?rest_route=\/wp\/v2\/pages"}],"about":[{"href":"https:\/\/test.ispas-ev.de\/index.php?rest_route=\/wp\/v2\/types\/page"}],"author":[{"embeddable":true,"href":"https:\/\/test.ispas-ev.de\/index.php?rest_route=\/wp\/v2\/users\/2"}],"replies":[{"embeddable":true,"href":"https:\/\/test.ispas-ev.de\/index.php?rest_route=%2Fwp%2Fv2%2Fcomments&post=181"}],"version-history":[{"count":25,"href":"https:\/\/test.ispas-ev.de\/index.php?rest_route=\/wp\/v2\/pages\/181\/revisions"}],"predecessor-version":[{"id":4273,"href":"https:\/\/test.ispas-ev.de\/index.php?rest_route=\/wp\/v2\/pages\/181\/revisions\/4273"}],"up":[{"embeddable":true,"href":"https:\/\/test.ispas-ev.de\/index.php?rest_route=\/wp\/v2\/pages\/142"}],"wp:attachment":[{"href":"https:\/\/test.ispas-ev.de\/index.php?rest_route=%2Fwp%2Fv2%2Fmedia&parent=181"}],"curies":[{"name":"wp","href":"https:\/\/api.w.org\/{rel}","templated":true}]}}

<p><span style="font-size: small;">Partnerstadt seit 1969</span></p>
<p><span style="font-size: small;"><a href="https://www.ispas-ev.de/wp-content/uploads/2011/08/Sondrio-Wappen-184x150.png"><img decoding="async" loading="lazy" class="alignright size-full wp-image-1152" title="Stadtwappen Sondrios" src="https://www.ispas-ev.de/wp-content/uploads/2011/08/Sondrio-Wappen-184x150.png" alt="" width="184" height="150"></a></span></p>
<p><span style="font-family: Arial; font-size: small;">Die Städtepartnerschaft zwischen Sindelfingen und <a href="https://www.comune.sondrio.it">Sondrio</a> entsprang 1962 einer Anregung von Don Alfredo Prioni, Missionar in Sindelfingen für die Betreuung italienischer Emigranten. Er initiierte eine Begegnung zwischen dem damaligen Sindelfinger Oberbürgermeister Arthur Gruber und Arturo Schena, dem Bürgermeister von Sondrio. Einige Jahre später entstand daraus mit der Unterzeichnung des Freundschaftsvertrages die Partnerschaft beider Städte. Es ist eine lebendige Beziehung, nicht nur auf offizieller kommunaler Ebene. Zahlreiche Institutionen und Vereine aller Art pflegen Kontakte untereinander. Seit über 20 Jahren besteht ein ununterbrochener Schüleraustausch.</span></p>
<p><span style="font-size: small;"><span style="font-family: Arial;"><img decoding="async" loading="lazy" class="ngg-singlepic ngg-none alignleft" src="https://www.ispas-ev.de/wp-content/gallery/sondrio-2010_1/img_1087.jpg" alt="2sondrio2010-6" width="230" height="173"></span><span style="font-family: Arial;">Sondrio liegt in der Mitte des Ve</span><span style="font-family: Arial;">ltlin im Nordosten der Region Lombardei. Mit seinen eingemeindeten Orten zählt die Stadt ca. 22 000 Einwohner. Vermutlich ist der Ort langobardischen Ursprungs. „Sundrium“ bedeutete Nutzboden, der Bauern und Knechten zum Lehen gegeben wurde. Nach einer wechselvollen Geschichte unter Stadtherren, den Capitanei, deren Schlösser heute noch oberhalb der Stadt zu sehen sind, zwischen der Zugehörigkeit zum Herzogtum Mailand, zu Graubünden, zum napoleonischen Machtbereich, zum öst</span><span style="font-family: Arial;">erreichischen Lombardo-Veneto und zum Königreich Sardinien wird es im 19. Jahrhundert Teil Italiens und Verwaltungszentrum.</span></span></p>
<p><span style="font-size: small;"><span style="font-family: Arial;"><img decoding="async" loading="lazy" class="alignright" src="https://www.ispas-ev.de/wp-content/gallery/sodrio-2010-a-werner/a-werner-sondrio2010-19.jpg" alt="1sondrio2010-19" width="233" height="176"></span><span style="font-family: Arial;">Die Kernstadt liegt im Tal der Adda, der Mallero aus dem</span><span style="font-family: Arial;"> Valmalenco durchfließt die Stadt und wird mit seinen Zuflüssen oft reißend und </span><span style="font-family: Arial;">unberechenbar für die Einwohner. Obstplantagen prägen das Bild des Tales, Weinbergterrassen ziehen sich die Hänge um die Stadt hoch, alles überkrönt von den Gipfeln der orobische</span><span style="font-family: Arial;">n und rätischen Alpen. </span><span style="font-family: Arial;">Die Landschaft lädt zu reizvollen Touren ein, sei es in der näheren Umgebung, sei es im Gebirge.</span><span style="font-family: Arial;"> Der Stilfser Nationalpark ist leicht erreichbar. </span></span></p>
<p><span style="font-size: small;"><span style="font-family: Arial;"><img decoding="async" loading="lazy" class="ngg-singlepic ngg-none alignleft" src="https://www.ispas-ev.de/wp-content/gallery/sondrio-2010_1/img_1081_0.jpg" alt="2sondrio2010-5" width="230" height="172"></span><span style="font-family: Arial;">Wintersportfreunden sind sicher Livigno und Bormio bekannt. Vor einigen Jahren wurde Sondrio zur Stadt mit der höchsten Lebensqualität ernannt. 2007 bekam es den Titel „Alpenstadt des Jahres“ in Anerkennung der Verd</span><span style="font-family: Arial;">ienste zum Schutz der Alpen. In diesem Zusammenhang muss auch das internationale Filmfestival erwähnt werden, das jährlich im Oktober stattfindet. Internationale Dokumentarfilmer präsentieren hier ihre neuesten Naturfilme.</span><span style="font-family: Arial;"> Die Metropole Mailand und der Comer See liegen in der Nähe, auch die Schweiz ist schnell und leicht erreichbar. </span></span></p>
<p lang="it-IT"><span style="font-size: small;"><em><span style="font-family: Arial;">Walter Leimenstoll<br />
<em>Italia Graziano Frazzetta</em></span></em></span></p>

<p>Partnerstadt seit 1969 Die Städtepartnerschaft zwischen Sindelfingen und Sondrio entsprang 1962 einer Anregung von Don Alfredo Prioni, Missionar in Sindelfingen für die Betreuung italienischer Emigranten. Er initiierte eine Begegnung zwischen [&hellip;]</p>
