{"id":140,"date":"2011-08-03T19:23:13","date_gmt":"2011-08-03T17:23:13","guid":{"rendered":"http:\/\/www.ispas-ev.de\/?page_id=140"},"modified":"2018-04-16T22:47:08","modified_gmt":"2018-04-16T20:47:08","slug":"corbeil-essonnes","status":"publish","type":"page","link":"https:\/\/test.ispas-ev.de\/?page_id=140","title":{"rendered":"Corbeil-Essonnes"},"content":{"rendered":"<p><span style=\"font-family: arial,helvetica,sans-serif;\">Partnerstadt seit 1961<\/span><\/p>\n<p><span style=\"font-family: arial,helvetica,sans-serif;\"><a href=\"https:\/\/www.ispas-ev.de\/wp-content\/uploads\/2011\/08\/Corbeil-Wappen-199x100.png\"><img decoding=\"async\" loading=\"lazy\" class=\"alignright size-full wp-image-1045\" title=\"Stadtwappen Corbeil-Essonnes\" src=\"https:\/\/www.ispas-ev.de\/wp-content\/uploads\/2011\/08\/Corbeil-Wappen-199x100.png\" alt=\"\" width=\"199\" height=\"100\"><\/a><\/span><\/p>\n<p><span style=\"font-family: arial,helvetica,sans-serif;\"><span style=\"font-size: small;\">1951 fusionierten die beiden St\u00e4dte Corbeil und Essonnes zu unserer Partnerstadt <a href=\"https:\/\/www.corbeil-essonnes.com\/\">Corbeil-Essonnes<\/a> im D\u00e9partement Essonne. Ca. 30 km s\u00fcd\u00f6stlich von Paris an der Seine und ihrem Zufluss Essonne gelegen, gilt Corbeil-Essonnes mit seinen ca. 40.000 Einwohnern unter anderem aufgrund seiner weltweit bekannten Firmen als Industriezentrum. <\/span><\/span><\/p>\n<p><span style=\"font-family: arial,helvetica,sans-serif; font-size: small;\"><img decoding=\"async\" loading=\"lazy\" class=\"ngg-singlepic ngg-none alignleft\" title=\"Blick von der Seine auf das Rathaus von Corbeil-Essonnes\" src=\"https:\/\/www.ispas-ev.de\/wp-content\/gallery\/corbeil-essonnes_1\/img_3005.jpg\" alt=\"Blick von der Seine auf das Rathaus von Corbeil-Essonnes\" width=\"259\" height=\"173\"><\/span><span style=\"font-family: arial,helvetica,sans-serif; font-size: small;\">Seit 1958 bestehen partnerschaftliche Verbindungen, die am 24.9.1961 in einem Partnerschaftsvertrag ihren Niederschlag fanden. Am 9.11.2011 wurde dieser Vertrag nach 50 Jahren erneuert: Eine Sindelfinger Delegation unter F\u00fchrung von OB Dr. V\u00f6hringer weilte anl\u00e4sslich der Vertragserneuerung in Corbeil-Essonnes und Monsieur le Maire Jean-Pierre Bechter sowie Oberb\u00fcrgermeister Dr. Bernd V\u00f6hringer unterzeichneten den Vertrag im Beisein der st\u00e4dtischen Delegationen im Trauzimmer des Rathauses von Corbeil-Essonnes.<\/span><\/p>\n<p><span style=\"font-family: arial,helvetica,sans-serif; font-size: small;\"><img decoding=\"async\" loading=\"lazy\" class=\"ngg-singlepic ngg-none alignright\" style=\"margin-top: 3px; margin-bottom: 0px;\" title=\"Rathaus von Corbeil-Essonnes\" src=\"https:\/\/www.ispas-ev.de\/wp-content\/gallery\/corbeil-essonnes_1\/img_3039.jpg\" alt=\"Rathaus von Corbeil-Essonnes\" width=\"259\" height=\"173\"><\/span><span style=\"font-family: arial,helvetica,sans-serif; font-size: small;\">Die beiden St\u00e4dte fanden urspr\u00fcnglich zusammen, weil sie Standorte von IBM-Werken waren. Nach Abschlu\u00df des Elys<\/span><span style=\"font-family: arial,helvetica,sans-serif; font-size: small;\">\u00e9e-Vertrags im Januar 1963 durch Adenauer und De Gaulle sowie der Gr\u00fcndung des deutsch-franz\u00f6sischen Jugendwerks fl<\/span><span style=\"font-family: arial,helvetica,sans-serif; font-size: small;\">orierte auch der Sch\u00fcleraustausch zwischen den beiden Partnerst\u00e4dten. Zahlreiche Vereine und Verb\u00e4nde fanden unter dem Dach der St\u00e4dtepartnerschaft zusammen: z.B. die Fu\u00dfballer, die Feuerwehr, Gewerbe- und Handelsverein. Wichtig waren au<\/span><span style=\"font-family: arial,helvetica,sans-serif; font-size: small;\">ch die zahlreichen Begegnungen der Kriegsopfer (VdK und UNC) sowie ehemaliger<\/span><span style=\"font-family: arial,helvetica,sans-serif; font-size: small;\"> Kriegsgefangenen (V.d.H. und A.C.P.G), die sich aufgrund ihrer bitteren Erfahru<\/span><span style=\"font-family: arial,helvetica,sans-serif; font-size: small;\">ngen als ehemalige Feinde Vers\u00f6hnung auf die Fahnen schrieben. Auch ein paar deutsch-franz\u00f6sische Ehen waren Resultat der St\u00e4dtepartnerschaft.<\/span><\/p>\n<p><a href=\"https:\/\/www.ispas-ev.de\/wp-content\/uploads\/2011\/08\/IMG_30621.jpg\"><img decoding=\"async\" loading=\"lazy\" class=\"size-full wp-image-1166 alignleft\" title=\"Erneuerung Partnerschaftsvertrag 2011\" src=\"https:\/\/www.ispas-ev.de\/wp-content\/uploads\/2011\/08\/IMG_30621.jpg\" alt=\"\" width=\"255\" height=\"170\"><\/a><span style=\"font-family: arial,helvetica,sans-serif; font-size: small;\">Der Elan der Gr\u00fcnderjahre und der gelebten Partnerschaftsjahrzehnte ist etwas verflossen. Deshalb gilt es nun, den erneuerten Partnerschaftsvertrag zwischen Corbeil-Essonnes und Sindelfingen mit Leben zu erf\u00fcllen.<\/span><\/p>\n<p>&nbsp;<\/p>\n<p>&nbsp;<\/p>\n<p><em><span style=\"font-size: small; font-family: arial,helvetica,sans-serif;\">Christian Stepper<\/span><\/em><\/p>\n","protected":false},"excerpt":{"rendered":"<p>Partnerstadt seit 1961 1951 fusionierten die beiden St\u00e4dte Corbeil und Essonnes zu unserer Partnerstadt Corbeil-Essonnes im D\u00e9partement Essonne. Ca. 30 km s\u00fcd\u00f6stlich von Paris an der Seine und ihrem Zufluss [&hellip;]<\/p>\n","protected":false},"author":2,"featured_media":0,"parent":142,"menu_order":20,"comment_status":"closed","ping_status":"closed","template":"","meta":{"ngg_post_thumbnail":0},"_links":{"self":[{"href":"https:\/\/test.ispas-ev.de\/index.php?rest_route=\/wp\/v2\/pages\/140"}],"collection":[{"href":"https:\/\/test.ispas-ev.de\/index.php?rest_route=\/wp\/v2\/pages"}],"about":[{"href":"https:\/\/test.ispas-ev.de\/index.php?rest_route=\/wp\/v2\/types\/page"}],"author":[{"embeddable":true,"href":"https:\/\/test.ispas-ev.de\/index.php?rest_route=\/wp\/v2\/users\/2"}],"replies":[{"embeddable":true,"href":"https:\/\/test.ispas-ev.de\/index.php?rest_route=%2Fwp%2Fv2%2Fcomments&post=140"}],"version-history":[{"count":29,"href":"https:\/\/test.ispas-ev.de\/index.php?rest_route=\/wp\/v2\/pages\/140\/revisions"}],"predecessor-version":[{"id":4269,"href":"https:\/\/test.ispas-ev.de\/index.php?rest_route=\/wp\/v2\/pages\/140\/revisions\/4269"}],"up":[{"embeddable":true,"href":"https:\/\/test.ispas-ev.de\/index.php?rest_route=\/wp\/v2\/pages\/142"}],"wp:attachment":[{"href":"https:\/\/test.ispas-ev.de\/index.php?rest_route=%2Fwp%2Fv2%2Fmedia&parent=140"}],"curies":[{"name":"wp","href":"https:\/\/api.w.org\/{rel}","templated":true}]}}

<p><span style="font-family: arial,helvetica,sans-serif;">Partnerstadt seit 1961</span></p>
<p><span style="font-family: arial,helvetica,sans-serif;"><a href="https://www.ispas-ev.de/wp-content/uploads/2011/08/Corbeil-Wappen-199x100.png"><img decoding="async" loading="lazy" class="alignright size-full wp-image-1045" title="Stadtwappen Corbeil-Essonnes" src="https://www.ispas-ev.de/wp-content/uploads/2011/08/Corbeil-Wappen-199x100.png" alt="" width="199" height="100"></a></span></p>
<p><span style="font-family: arial,helvetica,sans-serif;"><span style="font-size: small;">1951 fusionierten die beiden Städte Corbeil und Essonnes zu unserer Partnerstadt <a href="https://www.corbeil-essonnes.com/">Corbeil-Essonnes</a> im Département Essonne. Ca. 30 km südöstlich von Paris an der Seine und ihrem Zufluss Essonne gelegen, gilt Corbeil-Essonnes mit seinen ca. 40.000 Einwohnern unter anderem aufgrund seiner weltweit bekannten Firmen als Industriezentrum. </span></span></p>
<p><span style="font-family: arial,helvetica,sans-serif; font-size: small;"><img decoding="async" loading="lazy" class="ngg-singlepic ngg-none alignleft" title="Blick von der Seine auf das Rathaus von Corbeil-Essonnes" src="https://www.ispas-ev.de/wp-content/gallery/corbeil-essonnes_1/img_3005.jpg" alt="Blick von der Seine auf das Rathaus von Corbeil-Essonnes" width="259" height="173"></span><span style="font-family: arial,helvetica,sans-serif; font-size: small;">Seit 1958 bestehen partnerschaftliche Verbindungen, die am 24.9.1961 in einem Partnerschaftsvertrag ihren Niederschlag fanden. Am 9.11.2011 wurde dieser Vertrag nach 50 Jahren erneuert: Eine Sindelfinger Delegation unter Führung von OB Dr. Vöhringer weilte anlässlich der Vertragserneuerung in Corbeil-Essonnes und Monsieur le Maire Jean-Pierre Bechter sowie Oberbürgermeister Dr. Bernd Vöhringer unterzeichneten den Vertrag im Beisein der städtischen Delegationen im Trauzimmer des Rathauses von Corbeil-Essonnes.</span></p>
<p><span style="font-family: arial,helvetica,sans-serif; font-size: small;"><img decoding="async" loading="lazy" class="ngg-singlepic ngg-none alignright" style="margin-top: 3px; margin-bottom: 0px;" title="Rathaus von Corbeil-Essonnes" src="https://www.ispas-ev.de/wp-content/gallery/corbeil-essonnes_1/img_3039.jpg" alt="Rathaus von Corbeil-Essonnes" width="259" height="173"></span><span style="font-family: arial,helvetica,sans-serif; font-size: small;">Die beiden Städte fanden ursprünglich zusammen, weil sie Standorte von IBM-Werken waren. Nach Abschluß des Elys</span><span style="font-family: arial,helvetica,sans-serif; font-size: small;">ée-Vertrags im Januar 1963 durch Adenauer und De Gaulle sowie der Gründung des deutsch-französischen Jugendwerks fl</span><span style="font-family: arial,helvetica,sans-serif; font-size: small;">orierte auch der Schüleraustausch zwischen den beiden Partnerstädten. Zahlreiche Vereine und Verbände fanden unter dem Dach der Städtepartnerschaft zusammen: z.B. die Fußballer, die Feuerwehr, Gewerbe- und Handelsverein. Wichtig waren au</span><span style="font-family: arial,helvetica,sans-serif; font-size: small;">ch die zahlreichen Begegnungen der Kriegsopfer (VdK und UNC) sowie ehemaliger</span><span style="font-family: arial,helvetica,sans-serif; font-size: small;"> Kriegsgefangenen (V.d.H. und A.C.P.G), die sich aufgrund ihrer bitteren Erfahru</span><span style="font-family: arial,helvetica,sans-serif; font-size: small;">ngen als ehemalige Feinde Versöhnung auf die Fahnen schrieben. Auch ein paar deutsch-französische Ehen waren Resultat der Städtepartnerschaft.</span></p>
<p><a href="https://www.ispas-ev.de/wp-content/uploads/2011/08/IMG_30621.jpg"><img decoding="async" loading="lazy" class="size-full wp-image-1166 alignleft" title="Erneuerung Partnerschaftsvertrag 2011" src="https://www.ispas-ev.de/wp-content/uploads/2011/08/IMG_30621.jpg" alt="" width="255" height="170"></a><span style="font-family: arial,helvetica,sans-serif; font-size: small;">Der Elan der Gründerjahre und der gelebten Partnerschaftsjahrzehnte ist etwas verflossen. Deshalb gilt es nun, den erneuerten Partnerschaftsvertrag zwischen Corbeil-Essonnes und Sindelfingen mit Leben zu erfüllen.</span></p>
<p>&nbsp;</p>
<p>&nbsp;</p>
<p><em><span style="font-size: small; font-family: arial,helvetica,sans-serif;">Christian Stepper</span></em></p>

<p>Partnerstadt seit 1961 1951 fusionierten die beiden Städte Corbeil und Essonnes zu unserer Partnerstadt Corbeil-Essonnes im Département Essonne. Ca. 30 km südöstlich von Paris an der Seine und ihrem Zufluss [&hellip;]</p>
